ctors of q(-17)?
3, 31
Let h(g) = 2*g + 1. Let y be h(2). Suppose y*q + 4*l - 3*l = 122, -q - 4*l = -32. List the prime factors of q.
2, 3
Let j = -7 + 39. What are the prime factors of ((-24)/j)/(14/144)*-14?
2, 3
What are the prime factors of 106610/420 - 1/(-6)?
2, 127
What are the prime factors of 8 + -223*(0 + -8)?
2, 7
Let s(g) be the first derivative of -g**3/3 + g**2/2 + g + 5. Let t be s(-2). List the prime factors of ((-18)/t)/((-1)/(-5)).
2, 3
List the prime factors of (-17*132/20)/((-8)/40).
3, 11, 17
Let a = 41 + -39. Suppose 3*v - a*u = 20 + 56, 3*u + 6 = 0. List the prime factors of v/132 + (-898)/(-22).
41
Suppose -4*m + 10*m = 24. Suppose 0 = 2*c - 4*l - 140, 3*l + 2*l + 274 = m*c. What are the prime factors of c?
2, 3, 11
Suppose 4*k + 15 = 9*k. Suppose -k*g = 3*g - 564. List the prime factors of g.
2, 47
Let o be (14/8)/((-1)/(-4)). Let x = o + -5. Suppose -4*a = -2*c - 8, -4 = 4*c + x*a - 18. What are the prime factors of c?
2
Suppose -p + 4 = 2. Let q(g) = 13*g - 7. Let b(r) = r + 1. Let x(y) = 3*b(y) + q(y). What are the prime factors of x(p)?
2, 7
Let m = -1379 - -1978. List the prime factors of m.
599
Let m be 1*2*(-4)/(-2). Suppose -13 + 29 = -m*d. Let u(p) = p**3 + 3*p**2 - 4*p + 4. List the prime factors of u(d).
2
Let f = 18 + -14. Suppose -2*d - 2 = -8, -f*c = -2*d - 242. What are the prime factors of c?
2, 31
Let a(m) be the third derivative of m**6/60 - m**5/6 + m**4/12 + 2*m**3/3 - 8*m**2. List the prime factors of a(5).
2, 7
Let i(v) = 122*v + 33. What are the prime factors of i(4)?
521
Let z(i) be the first derivative of -i**4/2 - i**3/3 - i**2/2 + i + 63. Suppose 3*q = 3*b + q, 1 = -2*b + q. What are the prime factors of z(b)?
3, 5
Let h(r) = 3*r**2 - 18*r + 13. Suppose -3*w - 40 = -7*w. List the prime factors of h(w).
7, 19
Let q be (-6)/(-4)*6*10. Suppose -w + t + 13 = 2*w, 4*w - 24 = 3*t. Suppose -w*i - 24 = -q. What are the prime factors of i?
2, 11
Let l = -14 - -20. Suppose -l*g + 256 = 100. List the prime factors of g.
2, 13
Let r = 1009 - -855. List the prime factors of r.
2, 233
Let k(s) = -2*s + 13. Suppose 16*p - 10 = 17*p. List the prime factors of k(p).
3, 11
Let f = -366 + 525. List the prime factors of f.
3, 53
Suppose -3*w = -t - 1036, 20 = 6*w - 11*w. What are the prime factors of t/(-8) - (-4)/(-1)?
127
Suppose -2*r + 68 = 2*r. Let a = r - 13. What are the prime factors of 18 - a - (3 - 0)?
11
Let s = -63 + 27. Let g be s/(-14)*112/24. Let u = -10 + g. What are the prime factors of u?
2
Suppose -4*t + 180 = 6*t. List the prime factors of (79/1)/(t - 17).
79
Let x(y) = -49*y + 3. List the prime factors of x(-7).
2, 173
Suppose -3*c + v = -2*v - 99, 4*c - 102 = -2*v. Suppose -23*y = -c*y + 1415. What are the prime factors of y?
283
Suppose 2*l - 10 = 3*v, 4*l - v - 6 = -2*v. Suppose 0 = -l*n + 4*u + 54, -4*u = 4*n - u - 64. Suppose -n = -0*f - f. List the prime factors of f.
19
Let p = 40 - 37. Suppose 1 = -p*b + 67. List the prime factors of b.
2, 11
Let l be -6 + 44 - (3 + 1). Suppose 3*j - l = -13. Suppose 164 = 3*h - 3*u + j*u, -192 = -3*h + 3*u. List the prime factors of h.
2, 3, 5
Let v = 47 - 39. Suppose v*h - 556 - 284 = 0. What are the prime factors of h?
3, 5, 7
Let d be (-30)/285 - (-1056)/(-76). Let j be (-14)/4 + (-1)/2. Let m = j - d. List the prime factors of m.
2, 5
Suppose 3*w + 5*c = -0*w, w + 4*c = 0. Suppose w*l + 372 = 6*l. What are the prime factors of l?
2, 31
Let n(g) be the second derivative of g**5/20 - 13*g**4/12 + 13*g**3/6 - 2*g**2 + 2*g. Let b be n(12). Suppose -b - 5 = -p. What are the prime factors of p?
13
Let a = -44 - -40. What are the prime factors of 832/130 - a/(-10)*1?
2, 3
Let u(l) = 13*l**2 + 2*l + 1. Let m(t) = -25*t**2 - 4*t - 2. Let r(s) = -6*m(s) - 11*u(s). Let p be r(-2). List the prime factors of p + (4/2)/2.
2, 13
Let n(d) = -429*d - 74. List the prime factors of n(-6).
2, 5
Suppose 7*l = -413 + 1897. List the prime factors of l.
2, 53
Let n = 114 + -62. Let z = 10 - n. Let u = z - -100. List the prime factors of u.
2, 29
Let q be (-3)/(12/(-20)) + -3. Suppose -q*o + 4 = -4*o. Let k = 18 - o. What are the prime factors of k?
2, 5
Suppose 0 = 4*l + 5*q - 14, -2*l - 2*l + 22 = q. Let v(c) = 8*c - 3. Let f be v(l). Suppose -f = -2*o + 1. List the prime factors of o.
23
Let z = -101 - -151. Suppose a + 5*l = -4*a - 180, 3*l + 28 = -a. List the prime factors of (a/z)/(4/(-70)).
2, 7
Let a(x) be the third derivative of -x**5/60 + 11*x**4/24 - x**3 - 6*x**2. Let y be a(10). Suppose y*k - k = 87. What are the prime factors of k?
29
Suppose 0 = -4*t + 7*t - 9, 0 = -3*c + 3*t + 27. Suppose -5*m - 12 = -4*d, -4*m + 4 - c = -3*d. What are the prime factors of d?
2
Let s = -30 - -30. Suppose 12*y - 3*y - 297 = s. List the prime factors of y.
3, 11
Let i(z) be the second derivative of z**4/12 - 7*z**2 - 2*z. What are the prime factors of i(9)?
67
Suppose -5*i = 3*u - 1996, -3*u + 1360 = 4*i - 238. List the prime factors of i.
2, 199
List the prime factors of (-305)/(-20)*(-144)/(-3).
2, 3, 61
Let f(c) = c**2 + 6*c + 9. Let z be f(-4). Let n = z + 86. What are the prime factors of n?
3, 29
Let v(l) = -l**3 + 9*l**2 - 2. Let f be v(9). Let y be ((-48)/18)/((-6)/99). Let m = y + f. List the prime factors of m.
2, 3, 7
Let t(n) = 9*n**2 + 42*n + 159. List the prime factors of t(-12).
3, 317
Let c = 281 + -42. Suppose -76 + c = v. List the prime factors of v.
163
Suppose 0*r - 60 = -3*r. Suppose 2*j + r = -4. What are the prime factors of (-14 - j)/(2/(-67))?
67
Let c(z) = z**3 - 12*z**2 - 13*z + 12. Let n be c(13). What are the prime factors of (-9)/n + 1116/16?
3, 23
Let n(r) = r**3 - 10*r**2 + 8. Let d be n(10). Suppose 2*i - d = 30. List the prime factors of i.
19
Let g be (-1 - -4)*-62*-1. Let i = g - 91. What are the prime factors of i?
5, 19
Suppose 0 = -2*c + t + 937, -8*c + 1895 = -4*c + 5*t. What are the prime factors of c?
2, 5, 47
Suppose -4*k + 80 = 2*v, k = 3*v + 2*v + 31. Suppose -4*i = -0*y + 4*y - 148, 130 = 4*i - 5*y. Let r = i - k. What are the prime factors of r?
2, 7
Suppose u - 4 = -0. Let i(c) = -5*c**2 - 2*c + 4. Let k be i(u). Let l = -36 - k. What are the prime factors of l?
2, 3
Let m(j) = j**3 + 6*j**2 + j + 5. Let o be m(-6). Let k(w) = 10*w + 1. Let s be k(o). What are the prime factors of (-21)/s*(4 + -1)?
7
Let d = -59 + 35. Let j = d + 27. Let w = 47 + j. What are the prime factors of w?
2, 5
Let c(u) = 2*u**3 + 2*u**2 + 3*u + 17. Let h(s) = 5*s**3 + 5*s**2 + 8*s + 50. Let o(t) = -8*c(t) + 3*h(t). List the prime factors of o(0).
2, 7
Let v = 6 - -7. Let b be 60/45*6/4. Suppose b*s = 17 + v. List the prime factors of s.
3, 5
Suppose 0 = -3*l - 0*l + 165. Let q = 97 - l. What are the prime factors of q?
2, 3, 7
Let a be 2 - -35 - (-13 + 9). Suppose -a*w + 45*w = 276. List the prime factors of w.
3, 23
Suppose 35*j = -2*a + 30*j + 3678, 4*a - 3*j - 7382 = 0. What are the prime factors of a?
2, 461
Let t(x) = x**2 + 9*x - 3. Let q be t(-9). List the prime factors of q*445/(-15) - 4.
5, 17
Suppose -5*v = -12 - 8. Suppose 10 = 2*q - v. Suppose -2*j = -q*j + 285. List the prime factors of j.
3, 19
Let y = 609 - -464. List the prime factors of y.
29, 37
Let w = -23 + 122. Let y = -51 - -6. Let k = y + w. List the prime factors of k.
2, 3
Suppose 3*g - 3*r + 4 = 1, -4*g + 2*r - 6 = 0. Let x(k) = 6*k**2 + 6. Let z(n) = -4*n**2 - 5. Let q(m) = 5*x(m) + 6*z(m). List the prime factors of q(g).
2, 3
What are the prime factors of -12*(5 - 2190/12) - 4?
2, 1063
Suppose 43*z = -78110 + 302355. List the prime factors of z.
5, 7, 149
Suppose -13*p = -3*p + 1410. Let h = p + 279. What are the prime factors of h?
2, 3, 23
Suppose 0 = -v - 4*s + 1926, 3*s = 187*v - 186*v - 1940. List the prime factors of v.
2, 967
Let h(b) = 17*b + 20. Let w(t) = -t + 1. Let v(u) = -h(u) - 4*w(u). What are the prime factors of v(-7)?
67
Let l be 4/(-2)*(-15)/6. Let t be (l - 3)*9/6. Suppose -t*k + 2*k = -12. List the prime factors of k.
2, 3
Suppose -2*g = 2*n - 0*n - 812, 2000 = 5*n - g. What are the prime factors of n?
401
Let h(s) = -22*s - 78. List the prime factors of h(-12).
2, 3, 31
Let l = 2715 + -2151. List the prime factors of l.
2, 3, 47
Let u = 14051 + -9894. What are the prime factors of u?
4157
Suppose 3170 - 326 = -12*t. Let z = -96 - t. List the prim